der when 1103 is divided by x.
11
Let u(k) = -k**2 + 2*k + 29. Let o be 4/(-8)*-1*0. Let n = 19 + -11. Calculate the remainder when u(o) is divided by n.
5
What is the remainder when 1510 is divided by 18*1/20*(11 + -1)?
7
Suppose -213 = -4*p - b, 4*b - 2*b = 2. Let m = -435 + 187. What is the remainder when p is divided by 6/21 + m/(-14)?
17
Suppose 493 = -s + 6*s - 3*k, -3*s - 4*k + 319 = 0. Let w(h) = 8*h**2 - 3*h + 4*h + h**3 + 118 - 84. What is the remainder when s is divided by w(-8)?
23
Suppose 3564*z - 3562*z - 3*s - 2597 = 0, z - s - 1296 = 0. What is the remainder when z is divided by 26?
17
Let r(s) = -2*s**3 + 46*s**2 - 79*s + 366. What is the remainder when 2828 is divided by r(21)?
2
Let j(g) = -g**2 - 13*g - 25. Let y be j(-10). Suppose 3*a - 33 = -w, y*w - 71 - 94 = -5*a. Calculate the remainder when w is divided by (-2)/3*42/(-4).
5
Suppose -68*x + 27*x = 1927. Suppose -2*y - 5*c - 50 = 75, -y - 2*c - 61 = 0. Let v = x - y. What is the remainder when 11 is divided by v?
3
Let i(k) = k - 10. Let u be i(12). Suppose -u*w + h + 6 - 2 = 0, -w - 5*h + 2 = 0. Suppose 32 = w*f + 4. What is the remainder when 25 is divided by f?
11
What is the remainder when 344/10*(-13 - 172/(-4)) is divided by 339?
15
Let v be ((-1)/2)/((-1)/(-190)). Let z = -2182 + 2127. Let c = z - v. What is the remainder when c is divided by 16?
8
Suppose 0 = 5*r + 5331 - 37671. Suppose r + 968 = 26*i. What is the remainder when i is divided by 48?
46
Let q(n) = -11*n + 640. Calculate the remainder when 5657 is divided by q(56).
17
Let r = -21069 + 21107. What is the remainder when 2456 is divided by r?
24
Let o = -387 - -577. Suppose p - 84 = -82. Calculate the remainder when o is divided by 660/22 + 0 + p.
30
Suppose -1757 = 3*v - 3*b - 8870, 2389 = v + 5*b. Calculate the remainder when v is divided by 72.
70
Suppose 2*s + 0*s = 240. Let o = 6752 - 6716. What is the remainder when s is divided by o?
12
Let t = -1684 + 1683. Suppose -4*j - 34 - 98 = 0. What is the remainder when 32 is divided by (4/12)/(t/j)?
10
Let v be (1 - 9/6)*0. Suppose -4*u = 2*i - 236, v = -2*u - 3*u + 5*i + 280. Let p = u - 48. Calculate the remainder when 19 is divided by p.
9
Let u = 5583 - 5523. What is the remainder when 406 is divided by u?
46
Let x(i) = -i**2 + 156*i - 1392. Calculate the remainder when x(96) is divided by 115.
113
Suppose -47 - 65 = 28*o. What is the remainder when 51 is divided by ((-1)/4*-58)/(o/(-8))?
22
Let b be (-3219)/51 + 5/((-340)/(-8)). Let s = b + 67. Suppose -p + 0*p = 4, 0 = c + s*p - 47. What is the remainder when c is divided by 13?
11
Suppose -5*a = 52 - 22. What is the remainder when ((-6)/(-4) - -2)*(-60)/(-10) is divided by (3/((-24)/76))/(3/a)?
2
Let s(h) = 5*h + 61. Suppose -2*z - 5*p - 14 = 0, -33 = 4*z - 4*p + 51. Let m be s(z). What is the remainder when 55 is divided by 2 - (m + 2 + 3) - 0?
13
Suppose 0 = -3*l - y + 395, -23*y + 28*y = 4*l - 495. Calculate the remainder when 387 is divided by l.
127
Let s(m) = -3*m**3 + 130*m**2 - 38*m - 149. Calculate the remainder when 584 is divided by s(43).
56
Let l be (-5 - -2 - -6) + (10 - 20). Suppose -5*w + 0*j - j = -289, -41 = -w + 4*j. Calculate the remainder when w is divided by 6 + (1 - l) - (0 - 1).
12
Suppose -b + 40 + 55 = 0. Suppose -b*q = -93*q - 40. What is the remainder when 35 is divided by q?
15
Calculate the remainder when 606 is divided by (1/(-6) - (-3829)/42) + 34/(-17).
72
Let x = -18 - -37. Suppose -411 = -u - 5*l, u = 593*l - 588*l + 421. Calculate the remainder when u is divided by x.
17
Let x(c) = 105*c + 6907. Calculate the remainder when 634 is divided by x(-65).
60
Let x(q) = 46*q**2 + 308*q + 1825. What is the remainder when x(-6) is divided by 138?
115
Let c = -3595 - -3599. Calculate the remainder when 111 is divided by c.
3
Let k(i) = 2*i**2 - 3*i + 2. Let f be k(2). Suppose -h - 2 = q, 5*q - 6*h = -f*h + 18. Let n = 262 - 241. Calculate the remainder when n is divided by q.
1
Let j(z) = -368*z. Suppose 1 = -2*d - 3. Let a be j(d). What is the remainder when (a/(-12))/((-4)/6) is divided by 32?
28
Suppose -791 = 20*r - 4991. Let d = 651 - r. What is the remainder when d is divided by 89?
85
Let p be (6/9)/(12/18). Let g be ((-10)/5 + p)*-2. Suppose -2*s - g + 8 = v, 4*v + 3 = s. Calculate the remainder when s is divided by 2.
1
Let x(i) = -3*i**2 - 34*i + 4. Suppose 4*v - 3*a = 20, -2*v + a = v - 15. Suppose -v*k + 17 = -68. Calculate the remainder when x(-5) is divided by k.
14
Calculate the remainder when (-635)/(-15) + 1/(-3) is divided by (-1)/8 - (24*-1 - 20955/(-1320)).
2
Let i = 35 - 38. Let q(b) = 4*b**2 - 2*b + 4. Let x be q(i). Suppose -d = 2*u - 7*u - 37, 0 = -3*d + 2*u + x. What is the remainder when 56 is divided by d?
8
Let c(h) = -33*h - 66. Calculate the remainder when 309 is divided by c(-5).
12
Suppose 2*z + 47 - 597 = 0. Suppose 14*j = z - 9. Calculate the remainder when j is divided by (-2)/(-3)*(-15)/(-1).
9
Suppose 6*r + 5*l = 4*r + 834, r = -5*l + 407. Calculate the remainder when r is divided by 14.
7
Let v = 2922 - 2911. Calculate the remainder when 164 is divided by v.
10
Suppose 10*o + 3*p = 582, 4*o - 5*p = 19 + 189. Calculate the remainder when o is divided by 30.
27
Let m(q) = 7*q**2 - 275*q - 72. What is the remainder when m(43) is divided by 26?
6
Suppose -2*c + 695 = 639. Suppose c = -0*l + l + 4*o, 0 = 4*l - 5*o - 28. Calculate the remainder when 57 is divided by l.
9
Let w be 323/152 - 3/24. Suppose -5 + 1 = -y, -4*b + 108 = -w*y. Calculate the remainder when 57 is divided by b.
28
Let j(k) = k**2 - 35*k + 205. Let p be j(7). Let b(x) = -1 + 3*x - 7 - 12. What is the remainder when 17 is divided by b(p)?
3
Suppose 135*v - 12841 = -826. Suppose 0 = 2*n + 2*n - 180. Calculate the remainder when v is divided by n.
44
Suppose 18*c - 20*c = -36. Suppose 7*n - c = 13*n. What is the remainder when 27 is divided by n/(-15) + 6/(150/295)?
3
Let l(a) = a**3 - 9*a**2 + 4. Let d be l(9). Suppose -2*s - 18 = d*t, -4*s - 4*t = -t + 11. Calculate the remainder when 9 is divided by (-52)/(-8) + s/(-2).
3
Let i(d) = -d**3 - 31*d**2 + 30*d - 43. Let t be i(-32). Suppose 306 = t*u - 12*u. Calculate the remainder when 45 is divided by u.
11
Suppose -5*l + 0*l = r - 39, -4*r - l = -251. What is the remainder when 248 is divided by r?
56
Let l be (-335764)/(-481) - (-2)/(-37). Let b = -667 + l. Calculate the remainder when 110 is divided by b.
17
Calculate the remainder when 231 is divided by -14 + (11 - -4) + (0 - -5).
3
Let a = -12429 + 12454. What is the remainder when 7174 is divided by a?
24
Let q(r) = -r**2 + 61*r - 832. What is the remainder when 257 is divided by q(39)?
23
Suppose 4*r - 16 + 4 = 0. Suppose 35*v - 44*v + 4212 = 0. Calculate the remainder when -2 + (v/r)/4 is divided by 14.
9
Suppose -46*o + 9604 = 1278. Calculate the remainder when 7420 is divided by o.
180
Suppose 3*q = -u + 150, -2*u = 4*q - 113 - 89. What is the remainder when 18/7*q/7 is divided by 12?
6
Let h be (-4402)/(-5) - 22/55. Let d(f) = 880*f - h*f + 2*f**2 + 5. What is the remainder when 108 is divided by d(-4)?
34
Suppose -r + 179 = -2*n + 43, -n + 247 = 2*r. Calculate the remainder when 358 is divided by r.
106
Let z(t) = -3*t**2 - 128*t + 23. What is the remainder when 319 is divided by z(-42)?
105
Let b = -84 - -118. Suppose 2*w = 2*s + 234, 4*w - 5*s + 123 = 5*w. Calculate the remainder when w is divided by b.
16
Suppose 81 = -3*z + 87. Suppose 0 = 5*s + z*d - 176, -5*s - d + 54 = -119. Calculate the remainder when 234 is divided by s.
30
Let h(d) = 35*d + 2267. What is the remainder when h(-56) is divided by 124/12*3*2?
59
Let s = -12445 + 25557. What is the remainder when s is divided by 79?
77
Let l = -10321 - -10479. Calculate the remainder when l is divided by 57.
44
Let s = -11 + 14. Let g(i) = i**3 + 93*i**2 - 8*i - 716. Calculate the remainder when g(-93) is divided by s.
1
Let z(s) = 12*s - 127. Let g be z(11). Suppose 0 = -2*v - g*m + 76, -6*m + m - 139 = -3*v. What is the remainder when 210 is divided by v?
38
Let a(m) = -2*m**2 + m. Let n be a(0). Let h be 10*(1 + n) + -3. What is the remainder when 10 is divided by (-2)/((7/(-2))/h)?
2
Suppose 0 = 75*c + 214*c - 54621. Suppose 0 = -3*d + 3*k - 0*k + 195, -118 = -2*d + 5*k. Calculate the remainde